10 - 1617/245. Let y(a) be the first derivative of a**2 + 3. Determine y(n).
-12
Let x(j) = j**3 - j**2 - j - 6. Let v(y) = -2*y**2 + 21*y - 5. Let i be v(10). Suppose i*b - 8*b = 0. Calculate x(b).
-6
Let q(v) = -4*v - 8. Let z(x) = -3*x - 6. Let r(g) = 5*q(g) - 7*z(g). What is r(4)?
6
Suppose 0 = -6*o + 6 + 24. Let n(t) = -9*t - o*t + 13*t. Determine n(6).
-6
Let p(j) = 35*j - 6. Let i(x) = -1. Let c(u) = -6*i(u) + p(u). What is c(1)?
35
Let b(c) = 137*c - 2 - 94*c - 1 - c**2 - 39*c. Let a be 4/14 + 88/(-14). Let s be a/(-3)*(1 - 0). Determine b(s).
1
Let j(k) be the first derivative of k**4/4 - 4*k**3/3 - 3*k**2/2 + 4*k + 253. Calculate j(5).
14
Let s = -12 + 10. Let l(n) = -n**2 - 2*n - 2. Let d be l(s). Let c(t) = 2*t**2 - 2. Determine c(d).
6
Let v(g) = -2*g + 6. Let k be v(4). Let t(y) = -601 + 599 + y - 2*y - y**2. Give t(k).
-4
Let o(x) = -x**3 - 6*x**2 + x + 5. Let w be o(-6). Let f be 60/(-8)*4/(-6). Let a(r) = -f*r**2 + 2*r**2 + r**2 + 2*r + 3*r**2. Calculate a(w).
-1
Let g(y) = -y**3 + 9*y**2 - 10*y + 8. Let f = -244 + 252. Determine g(f).
-8
Let w(p) = p**3 - 36*p**2 - 39*p + 77. Let b be w(37). Let v(d) be the second derivative of -5/12*d**4 + 2*d - 1/2*d**2 + 0 + 1/6*d**b. Give v(1).
-5
Let d(p) = -2*p - 1. Let o be (4*1)/(-5 + (-35)/(-5)). Suppose 0 = o*u + 3*b + 5, u + b = 2*b. Calculate d(u).
1
Let x(v) = 6*v**2 + 2*v + 1. Let q be 3/(30/4) + 299/65. Suppose q = n, 2*w + 5*n + 0*n = 23. Give x(w).
5
Let s = -849 + 848. Let j(y) = 5*y**3 + 4*y**2 + 2*y + 1. Let o be 8/6*(-6)/(-2). Let p(k) = -k**3 + k**2. Let x(a) = o*p(a) + s*j(a). Calculate x(-1).
10
Let t be 30/20*16/6. Let p(l) = -11 - 3*l**3 + 7*l + 1 - 35*l**2 + 27*l**2 + t*l**3. Determine p(7).
-10
Let h(j) = -j + 1 + 3*j + 1. Let c = 1057 - 1051. What is h(c)?
14
Let w be (28/8 + (-24)/8)*6. Let k(j) = -4*j**3 + j**3 + 2*j + 2*j**3 + 3*j**2. Calculate k(w).
6
Let c(x) = -91*x + 7*x**2 - x**3 + 78*x + 3*x**2 - 18 + 5*x**2. Determine c(14).
-4
Let a(s) be the second derivative of 3/2*s**2 + 16*s - 1/20*s**5 + 0 - 1/12*s**4 + 1/3*s**3. Determine a(-3).
15
Let j(y) = 4*y**3 + y + 1. Let g be (-2)/((-6)/3) - 1. Suppose g*x = -7*x - 7. Give j(x).
-4
Let s be -1*(4 + -3)*0. Let k(i) = -i**3 + i**2 - 2*i + 4. Let y be k(s). Let b(n) = n**3 - 4*n**2 - n + 1. Give b(y).
-3
Let u(x) be the first derivative of -x**4/4 + x**3 + 3*x**2/2 + x + 162. What is u(4)?
-3
Let n = 5 + -5. Let z(u) be the second derivative of u**5/20 - u**4/12 - u**3/6 - 3*u**2/2 + 9*u. What is z(n)?
-3
Let r(w) = -1361*w - 5 + 1357*w - 3*w**2 + 1 + 0 + w**3. What is r(4)?
-4
Suppose -4*j = -3*d + 17, -3*d - 3*j - 29 + 53 = 0. Let z(k) = 3*k - 17. Give z(d).
4
Let n(m) = m**2 - 7*m - 24. Let w be (-3)/(12/14)*918/(-357). What is n(w)?
-6
Let r(t) = 3*t**2 - 4. Let z = -851 + 855. What is r(z)?
44
Let k be (-5)/(3/3*-1). Let h(w) = 0*w - 6 + 0*w + w + 2*w + w. What is h(k)?
14
Let a = 208 - 292. Let f = a + 78. Let s(b) = b**3 + 6*b**2 - 2*b - 4. Let t(i) = -2*i**3 - 12*i**2 + 4*i + 8. Let w(v) = -13*s(v) - 6*t(v). Calculate w(f).
-8
Let q be 184/(-20) + 9 + 98/(-10). Let o(d) = d**2 + 7*d + 10. Calculate o(q).
40
Let o = 60 - 57. Let w(z) = z + 1. Let j(t) = 4*t - 13. Let d(g) = o*w(g) - j(g). What is d(0)?
16
Let y(l) = -l - 2. Suppose 3*r + 6 = -m - 21, -5*r + 2*m - 34 = 0. Let a = 8 + r. Give y(a).
-2
Let w(m) = -5*m + 20. Let n(f) = -6*f + 21. Let i(v) = -6*n(v) + 7*w(v). Calculate i(-13).
1
Let z(j) be the first derivative of 3*j**2/2 - 4*j + 231. What is z(-5)?
-19
Let a(c) = -2*c - 21. Suppose 3*u - 12*u - 81 = 0. Determine a(u).
-3
Let p(h) = -h + 7. Let k be p(8). Let r(w) = w**2 + 9*w - 9*w + 5*w**3. Determine r(k).
-4
Let l(f) = -1 + 5 + f + 2 + 5. Let n(d) = 3*d + 23. Let g(p) = 5*l(p) - 2*n(p). What is g(12)?
-3
Suppose -u - 4*u = s + 35, -4*u + 2*s - 42 = 0. Let x(g) = g**2 - 6 - 2 - 2*g**2 + 1 - 8*g. Determine x(u).
-7
Let q(c) be the first derivative of -c**2/2 - c + 348. Suppose -2*f - 3*t = -14 + 4, 3*f + 7 = t. Give q(f).
0
Let b = -7 - -14. Let w(g) = -g**2 + 9*g - 17. Let h be w(b). Let j(i) = -4*i - 2. What is j(h)?
10
Suppose -5*f + 9 + 6 = 0. Let g(v) = 10*v - 21*v + f*v**2 + 1 + 8*v - 4. Calculate g(3).
15
Let s(w) = -33*w - 15. Let k(v) = 16*v + 7. Let u(y) = 13*k(y) + 6*s(y). What is u(1)?
11
Let r(w) = -101 + 3*w + 209 - 113. What is r(9)?
22
Let u(r) = -r**2 - 10*r - 15. Let a = -683 + 673. What is u(a)?
-15
Let u(a) be the first derivative of -2*a**3/3 - a**2 + a - 102. Calculate u(-2).
-3
Let w(l) = -22*l**3 + l - 1. Suppose -8*z - 26 = -9*z - 5*s, 3*s = 5*z + 10. Determine w(z).
-22
Let b(q) be the first derivative of 1/2*q**2 + 2 + 7*q. Give b(-4).
3
Let m(r) = r**2 - 2*r + 221 - 207 + 3*r. What is m(0)?
14
Let s(v) = v**2 + 9*v - 1. Let l(z) = -3*z - 2. Let o be l(-2). Let a(b) = -b. Let x(q) = o*a(q) + s(q). Suppose -105 = 59*u + 190. Calculate x(u).
-1
Suppose -2*h + 2 - 9 = l, -3*l = -5*h - 34. Let v(b) be the third derivative of 0*b - 1/2*b**3 - 2*b**2 - 1/60*b**5 - 1/6*b**4 + 0. What is v(h)?
-8
Suppose 0 = 46*a - 42*a. Let n(m) = 2 - m - 4 + a. Calculate n(-4).
2
Let v(z) = -2*z**2 - 3*z. Let m(d) = -d**3 + 7*d**2 - 2*d + 8. Let j be m(7). Let p(w) = -w**3 - 6*w**2 - 3. Let x be p(j). Calculate v(x).
-9
Let m(p) = 2*p + 1. Let j(r) = 3*r - 7. Let k(h) = 2*h - 4. Let g(l) = -6*j(l) + 10*k(l). Let v = 5 - 7. Let o be g(v). Determine m(o).
-3
Let h be 160/(-26) + (-2)/(-13). Let r = -25 + 31. Let a(z) = 4*z**2 + z**2 + 8*z**3 - r*z - 7*z**3 + 2. Determine a(h).
2
Let r(i) = -i**3 + 5*i**2 - i. Let d(w) = w + 4. Let v(l) = 4*l + 13. Let z(s) = 7*d(s) - 2*v(s). Suppose -13 - 11 = 8*f. Let p be z(f). What is r(p)?
-5
Let s be (-3)/9*(0 + -54)/3. Let u(r) = -7*r**2 - 106*r + r**3 + 3 + 112*r + 4. Calculate u(s).
7
Let t(q) = -2*q + 8*q**2 + 5*q + 1 + q**3 - 3*q**2. Let k(i) = i**3 - 45*i**2 - 94*i - 4. Let v be k(-2). What is t(v)?
5
Let u(q) be the first derivative of 2/3*q**3 + 0*q + 19 + q**2. What is u(2)?
12
Let q = -2 + 5. Let p(d) = -17*d + 21. Let b(v) = -30*v + 37. Let j(k) = -4*b(k) + 7*p(k). Calculate j(q).
2
Let r(j) be the third derivative of -j**4/8 - 25*j**3/6 - 156*j**2. Calculate r(-8).
-1
Let i(n) = -n - 1. Let b be 14/(-10) - (-3 - 26/(-10)). Let y(c) = 7*c + 15. Let u(l) = b*y(l) - 6*i(l). Calculate u(-8).
-1
Let g(p) be the first derivative of 2 + 3*p + p**2 - 2/3*p**3. Suppose 67 + 14 = 27*y. Determine g(y).
-9
Suppose 0 = -2*d + z + 22 - 2, -5*d - 4*z + 24 = 0. Let m(y) = 6 - 146*y - 142*y + 287*y. Determine m(d).
-2
Let f(l) = 2*l**3 - 12*l**2 - 15*l + 7. Let t be f(7). Let v(r) = r**3 + r + 5. Give v(t).
5
Let i be 20/(-130) - 160/(-26). Suppose 9 = 3*k + 3. Let b(h) = -4*h - k*h + 7*h - 6. Calculate b(i).
0
Suppose -3*y - y = 24. Let i(m) = 2*m**2 + 5*m + 7. Let s(k) = -5*k**2 - 12*k - 20. Let v(r) = -8*i(r) - 3*s(r). Determine v(y).
-8
Let i(o) = o**3 - o**2 + 2*o + 1. Let u(x) = 2*x**3 + 5*x**2 + 1. Let q(c) = -i(c) + u(c). Calculate q(-6).
12
Let n = 5 + -10. Let f be n*(0 + -2 + 1). Let o(m) = f*m + 4*m**3 + 7*m - 4*m - 3*m**3 - 7*m**2. What is o(6)?
12
Let g(s) be the second derivative of -s**5/20 + s**4/4 + s**3 + 7*s**2/2 + 2*s. Suppose -j = 2*h - 6 - 5, 0 = 3*h + 5*j - 20. What is g(h)?
-13
Suppose 5*u + 8 = u. Let o(s) be the second derivative of s**5/20 + s**4/8 + s**3/6 + 5*s. Let g(r) be the second derivative of o(r). Determine g(u).
-9
Let l(n) be the second derivative of -30*n + 1/6*n**3 + n**2 + 0. Calculate l(-6).
-4
Let d be 3/(-42)*-22 + (-15)/(-35). Suppose 4 = d*f - 3*b - 7, 0 = -b + 1. Let n(g) = -g**2 + 7*g - 6. What is n(f)?
-6
Let z(q) = -2*q**2 - 5*q. Let d(f) = -f**2 - f - 1. Let i(p) = -3*d(p) + z(p). Suppose 3*v + 9*a - 734 = 11*a, 3*v - 5*a = 737. Let h = v + -239. Give i(h).
18
Suppose 4*o - v = 21, 7*o = 3*o + 4*v + 24. Let q(i) be the third derivative of i**5/60 - i**4/24 + i**3/3 + 88*i**2 - 2. Give q(o).
22
Let i(x) = 2*x**3 - 4*x**2 + 3*x - 2. Suppose 5*h - 2*t - 3 = 5, 2*t = 4*h - 6. Calculate i(h).
4
Let y(m) = -2*m**2 + 14*m - 2. Suppose -64 = -5*f - 4*c - 21, 3*f - 13 = 4*c. Give y(f).
-2
Let s(l) be the second derivative of 0*l**2 + 9*l - 1/2*l**3 + 0. What is s(-3)?
9
Let w(g) = g**3 + g + 2. Let n(j) = j**2 - 3*j. Let x be n(1). What is w(x)?
-8
Let n be 45/(-10)*3/(-9)*4. Let p(a) be the third derivati